{"id":40,"date":"2015-06-02T18:28:36","date_gmt":"2015-06-02T16:28:36","guid":{"rendered":"http:\/\/jagd.jg-egg.at\/?page_id=40"},"modified":"2026-03-06T09:59:52","modified_gmt":"2026-03-06T08:59:52","slug":"startseite","status":"publish","type":"page","link":"https:\/\/www.jg-egg.at\/","title":{"rendered":"Startseite"},"content":{"rendered":"\n<figure class=\"wp-block-image aligncenter size-full is-resized is-style-default\"><img loading=\"lazy\" decoding=\"async\" width=\"1600\" height=\"1200\" src=\"https:\/\/www.jg-egg.at\/wp-content\/uploads\/Hahnenjagd23a.jpg\" alt=\"\" class=\"wp-image-8326\" style=\"width:557px;height:auto\" srcset=\"https:\/\/www.jg-egg.at\/wp-content\/uploads\/Hahnenjagd23a.jpg 1600w, https:\/\/www.jg-egg.at\/wp-content\/uploads\/Hahnenjagd23a-300x225.jpg 300w, https:\/\/www.jg-egg.at\/wp-content\/uploads\/Hahnenjagd23a-1024x768.jpg 1024w, https:\/\/www.jg-egg.at\/wp-content\/uploads\/Hahnenjagd23a-768x576.jpg 768w, https:\/\/www.jg-egg.at\/wp-content\/uploads\/Hahnenjagd23a-1536x1152.jpg 1536w\" sizes=\"auto, (max-width: 1600px) 100vw, 1600px\" \/><\/figure>\n\n\n\n<p><\/p>\n\n\n\n<h2 class=\"wp-block-heading has-vivid-red-color has-text-color has-link-color has-medium-font-size wp-elements-27b81dc432b7b753e00d6acb1b49c6fa\"><mark style=\"background-color:rgba(0, 0, 0, 0)\" class=\"has-inline-color has-ast-global-color-0-color\"><strong>Neuester Beitrag<\/strong><\/mark>: Aktuelles 2026: <br>* Mitgliedsbeitrag 2026<br>* Novelle WaffG<\/h2>\n\n\n\n<p><strong>Allgemeines<\/strong><\/p>\n\n\n\n<p>Die Jagdgesellschaft Egg wurde 1980 gegr\u00fcndet, ist aus der ehemaligen Jagdgemeinschaft Dellach\/Egg hervorgegangen und z\u00e4hlt derzeit 51 Mitglieder. Das Jagdrevier der JG. Egg umfasst eine Fl\u00e4che von rund 4.000 ha, ist in die Gemeindejagden Egg s\u00fcdlich der Gail, Egg n\u00f6rdlich der Gail sowie in die Eigenjagdgebiete Eggeralpe-Zinia, Dellacheralpe und Poludnigeralpe unterteilt. Im Revier kommen Gamswild, Rotwild, Rehwild, Schwarzwild, Auer-und Birkwild, Murmeltiere, Schnepfen und Niederwild vor. In letzter Zeit sind auch B\u00e4ren, Luchse, Goldschakale und W\u00f6lfe durchgewechselt.<\/p>\n\n\n\n<p><strong>Aktivit\u00e4ten<\/strong><strong><\/strong><\/p>\n\n\n\n<p>1986 erfolgte die Gr\u00fcndung der Jagdhornbl\u00e4ser-Gruppe \u201ePoludnig\u201c die zu verschiedenen Anl\u00e4ssen auftritt. Weiteres hat die Jagdgesellschaft auf der Dellacher-Alm ein Hubertuskreuz errichtet sowie mit Unterst\u00fctzung des Grafen Georg Kuenburg und durch zahlreiche Arbeitsstunden der \u00f6rtlichen J\u00e4ger eine private Schie\u00dfanlage gebaut.<\/p>\n\n\n\n<p><strong>Jubil\u00e4umsfeier &#8211; 30 Jahre Jagdgesellschaft Egg<\/strong><\/p>\n\n\n\n<p>Mit der Einweihung der Schie\u00dfst\u00e4tte am 21.August 2010&nbsp;wurde gleichzeitig das 30 Jahr-Bestandsjubil\u00e4um der Jagdgesellschaft Egg gefeiert. Der Obmann begr\u00fc\u00dfte die zahlreichen Ehreng\u00e4ste, J\u00e4ger, Jagdaus\u00fcbungsberechtigten der angrenzenden Jagdreviere, Obm\u00e4nner der Alm- und Weggemeinschaften sowie G\u00f6nner und Anrainer der Schie\u00dfst\u00e4tte. Gl\u00fcckw\u00fcnsche zum Jubil\u00e4um&nbsp;\u00fcberbrachten BJM-Stv. Bruno Maurer, Bgm.&nbsp;Vinzenz Rauscher sowie der langgediente Kursleiter der Jungj\u00e4gerausbildung Of\u00f6. Matthias Wieser. Die langgedienten Obm\u00e4nner Sebastian M\u00f6rtl(1980-1995)und Bgm. Vinzenz Rauscher(1995-2010)wurden f\u00fcr ihre T\u00e4tigkeit mit Ehrenurkunden ausgezeichnet. Die Jagdhornbl\u00e4sergruppe Poludnig umrahmte die Jubil\u00e4umsfeier musikalisch.<\/p>\n\n\n\n<p><strong>Jubil\u00e4umsfeier &#8211; 40 Jahre Jagdgesellschaft Egg<\/strong><\/p>\n\n\n\n<p>Im Rahmen des Egger Alm Kirchtag feierte die Jagdgesellschaft Egg am 02.08.2020 ihr 40 Jahr Jubil\u00e4um. Nach der feierlichen Messe in der Heimkehrer Kapelle auf der Eggeralm, welche vom Milit\u00e4rdekan Dr. Remo Leonhard Longin und dem evangelischen Pfarrer Hans Hecht aus Lienz zelebriert wurde, begr\u00fc\u00dfte der Obmann der JG. Egg Hr. Fercher Wolfgang die Ehreng\u00e4ste, die anwesenden Besucher, und die zahlreich erschienenen J\u00e4ger\/Innen der Jagdgesellschaft. Gru\u00df und Dankesworte wurden von BJM Hr. Maurer Bruno und B\u00fcrgermeister Hr. Ronacher Siegfried \u00fcbermittelt.<\/p>\n\n\n\n<p>Die \u00dcberreichung der Urkunden zur Ehrenmitgliedschaft an Hr. Pock Albert sen und Hr. Pipp Johann sen wurde vom BJM Maurer Bruno vorgenommen. Weitere Ehrenmitglieder sind Hr. Graf Eberhard Kuenburg, Hr. Flaschberger Franz, Hr. Rieder Johann und Hr. Novak Hans. Altobmann Albert Pock jun erhielt eine Ehrenurkunde.<\/p>\n\n\n\n<p>Zum abschlie\u00dfenden \u201eFeuchten Trieb\u201c wurden die Ehreng\u00e4ste, Landtagsabgeordneter&nbsp;Luca Burgstaller, Bgm.&nbsp;Siegfried Ronacher, Vizeb\u00fcrgermeister&nbsp;Leopold Astner, Stadtrat&nbsp;G\u00fcnter Pernul, Obmann des Komitees&nbsp;Vinzenz Rauscher, die Almobm\u00e4nner&nbsp;Thomas Novak&nbsp;und&nbsp;Albert Themel, Bezirksj\u00e4germeister&nbsp;Bruno Maurer die Ehrenmitglieder und J\u00e4ger der JG. Egg eingeladen. Die musikalische Umrahmung der Messe wurde von der Jagdhornbl\u00e4ser Gruppe \u201ePoludnig\u201c gestaltet.<\/p>\n\n\n\n<p><strong>Aufgaben und Ziele<\/strong><\/p>\n\n\n\n<p>Die Jagdgesellschaft Egg, deren T\u00e4tigkeit nicht auf Gewinn gerichtet ist, will das Weidwerk und die Lebensr\u00e4ume aller wildlebenden Tiere in K\u00e4rnten, insbesondere in den gepachteten Jagdgebieten sch\u00fctzen, f\u00f6rdern und erhalten sowie seinen Mitgliedern die Aus\u00fcbung der Jagd aufgrund der gesetzlichen Bestimmungen und Vorschriften sowie der Statuten erm\u00f6glichen und weiteres Beitr\u00e4ge zur Erhaltung der Natur und Umwelt leisten.<\/p>\n","protected":false},"excerpt":{"rendered":"<p>Neuester Beitrag: Aktuelles 2026: * Mitgliedsbeitrag 2026* Novelle WaffG Allgemeines Die Jagdgesellschaft Egg wurde 1980 gegr\u00fcndet, ist aus der ehemaligen Jagdgemeinschaft Dellach\/Egg hervorgegangen und z\u00e4hlt derzeit 51 Mitglieder. Das Jagdrevier der JG. Egg umfasst eine Fl\u00e4che von rund 4.000 ha, ist in die Gemeindejagden Egg s\u00fcdlich der Gail, Egg n\u00f6rdlich der Gail sowie in die [&hellip;]<\/p>\n","protected":false},"author":3,"featured_media":0,"parent":0,"menu_order":0,"comment_status":"closed","ping_status":"closed","template":"","meta":{"site-sidebar-layout":"right-sidebar","site-content-layout":"default","ast-site-content-layout":"default","site-content-style":"default","site-sidebar-style":"default","ast-global-header-display":"","ast-banner-title-visibility":"","ast-main-header-display":"","ast-hfb-above-header-display":"","ast-hfb-below-header-display":"","ast-hfb-mobile-header-display":"","site-post-title":"","ast-breadcrumbs-content":"","ast-featured-img":"","footer-sml-layout":"","ast-disable-related-posts":"","theme-transparent-header-meta":"default","adv-header-id-meta":"","stick-header-meta":"","header-above-stick-meta":"","header-main-stick-meta":"","header-below-stick-meta":"","astra-migrate-meta-layouts":"set","ast-page-background-enabled":"default","ast-page-background-meta":{"desktop":{"background-color":"","background-image":"","background-repeat":"repeat","background-position":"center center","background-size":"auto","background-attachment":"scroll","background-type":"","background-media":"","overlay-type":"","overlay-color":"","overlay-opacity":"","overlay-gradient":""},"tablet":{"background-color":"","background-image":"","background-repeat":"repeat","background-position":"center center","background-size":"auto","background-attachment":"scroll","background-type":"","background-media":"","overlay-type":"","overlay-color":"","overlay-opacity":"","overlay-gradient":""},"mobile":{"background-color":"","background-image":"","background-repeat":"repeat","background-position":"center center","background-size":"auto","background-attachment":"scroll","background-type":"","background-media":"","overlay-type":"","overlay-color":"","overlay-opacity":"","overlay-gradient":""}},"ast-content-background-meta":{"desktop":{"background-color":"var(--ast-global-color-5)","background-image":"","background-repeat":"repeat","background-position":"center center","background-size":"auto","background-attachment":"scroll","background-type":"","background-media":"","overlay-type":"","overlay-color":"","overlay-opacity":"","overlay-gradient":""},"tablet":{"background-color":"var(--ast-global-color-5)","background-image":"","background-repeat":"repeat","background-position":"center center","background-size":"auto","background-attachment":"scroll","background-type":"","background-media":"","overlay-type":"","overlay-color":"","overlay-opacity":"","overlay-gradient":""},"mobile":{"background-color":"var(--ast-global-color-5)","background-image":"","background-repeat":"repeat","background-position":"center center","background-size":"auto","background-attachment":"scroll","background-type":"","background-media":"","overlay-type":"","overlay-color":"","overlay-opacity":"","overlay-gradient":""}},"ngg_post_thumbnail":0,"footnotes":""},"class_list":["post-40","page","type-page","status-publish","hentry"],"_links":{"self":[{"href":"https:\/\/www.jg-egg.at\/index.php?rest_route=\/wp\/v2\/pages\/40","targetHints":{"allow":["GET"]}}],"collection":[{"href":"https:\/\/www.jg-egg.at\/index.php?rest_route=\/wp\/v2\/pages"}],"about":[{"href":"https:\/\/www.jg-egg.at\/index.php?rest_route=\/wp\/v2\/types\/page"}],"author":[{"embeddable":true,"href":"https:\/\/www.jg-egg.at\/index.php?rest_route=\/wp\/v2\/users\/3"}],"replies":[{"embeddable":true,"href":"https:\/\/www.jg-egg.at\/index.php?rest_route=%2Fwp%2Fv2%2Fcomments&post=40"}],"version-history":[{"count":163,"href":"https:\/\/www.jg-egg.at\/index.php?rest_route=\/wp\/v2\/pages\/40\/revisions"}],"predecessor-version":[{"id":10113,"href":"https:\/\/www.jg-egg.at\/index.php?rest_route=\/wp\/v2\/pages\/40\/revisions\/10113"}],"wp:attachment":[{"href":"https:\/\/www.jg-egg.at\/index.php?rest_route=%2Fwp%2Fv2%2Fmedia&parent=40"}],"curies":[{"name":"wp","href":"https:\/\/api.w.org\/{rel}","templated":true}]}}